(n) = n**2 - 1152*n + 454. Give k(0).
454
Let x(o) = -546*o + 30040. Give x(55).
10
Let v(g) = 9967*g - 119535. Determine v(12).
69
Let m(l) = -2*l**3 + 134*l**2 - 171*l + 2577. What is m(66)?
3
Let a(w) = 32*w**2 + 313*w + 1168. What is a(-4)?
428
Let v(j) = 22681*j - 11952884. What is v(527)?
3
Let w(d) = -45945*d - 872960. Determine w(-19).
-5
Let h(i) = i**3 + 4290*i**2 + 42822*i + 207. Calculate h(-10).
-13
Let a(c) = 45*c**3 + 4319*c**2 - 90*c + 566. Give a(-96).
-10
Let y(x) = 3*x**3 - 152*x**2 + 251*x + 140. Give y(49).
434
Let c(v) = -v**2 + 195*v + 1126. Determine c(-6).
-80
Let i(j) = 95446*j - 859023. Determine i(9).
-9
Let h(d) = -5*d**2 - 3794*d + 62013. What is h(16)?
29
Let i(a) = -250*a**2 + 82252*a - 692. Determine i(329).
-34
Let c(y) = -459032*y + 2754219. Calculate c(6).
27
Let k(q) = -50*q**2 - 2971*q + 29168. Give k(-68).
-4
Let v(y) = y**2 - 3942*y - 199. What is v(0)?
-199
Let x(t) = -t**3 + 33*t**2 + t - 4353. Give x(0).
-4353
Let m(w) = 435*w + 2434. Determine m(-6).
-176
Let x(b) = 14*b**2 - 86*b - 242. Calculate x(-3).
142
Let n(c) = 774*c + 28416. Determine n(-38).
-996
Let l(g) = 2155*g**2 - 67*g + 51. Give l(-1).
2273
Let d(h) = h**3 + 16468*h**2 + 98775*h + 27. Determine d(-6).
9
Let m(y) = -5*y**3 + 202*y**2 + 68*y + 2246. Calculate m(41).
-9
Let k(x) = 4*x**2 - 78*x + 1377. Calculate k(18).
1269
Let l(a) = -650*a - 19689. Determine l(-30).
-189
Let z(x) = 76*x - 2308. Give z(39).
656
Let f(c) = 61836*c - 21518925. Calculate f(348).
3
Let c(i) = -9*i**3 - 416*i**2 - 46*i + 2096. What is c(-46)?
-20
Let g(y) = -y**3 - 139*y**2 - 3553*y + 1698. Determine g(-105).
-87
Let f(r) = r**3 + 275*r**2 + 1878*r + 13. Give f(-7).
-1
Let u(x) = x**2 - 657*x - 2256035. Calculate u(-1209).
-41
Let a(h) = -h**2 + 2176*h + 66192. Determine a(-30).
12
Let l(v) = 3*v**2 + 283*v - 5673. Determine l(17).
5
Let i(z) = 3*z**3 + 165*z**2 + 67*z + 3593. Give i(-55).
-92
Let v(j) = 35*j**2 - 440*j + 549. What is v(11)?
-56
Let b(q) = 5*q**3 + q**2 + 491*q - 494. What is b(1)?
3
Let k(x) = 1511*x + 474468. What is k(-314)?
14
Let r(a) = -2033*a + 37120. Determine r(17).
2559
Let w(j) = -19*j + 490. Determine w(12).
262
Let j(p) = -p**2 - 2570*p + 75246. Give j(29).
-125
Let n(s) = 36*s**2 - 3027*s - 2786. Determine n(85).
19
Let b(p) = -19374*p + 271333. Determine b(14).
97
Let n(x) = 517*x + 95293. Determine n(-184).
165
Let d(x) = 2*x**3 + 284*x**2 + 5082*x - 57. Calculate d(-21).
-57
Let c(i) = -3*i**3 + 136*i**2 - 417*i - 6. What is c(3)?
-114
Let b(a) = a**3 - 127*a**2 - 146*a - 12679. Give b(129).
1769
Let q(p) = -2*p**2 + 134*p - 1012. Determine q(60).
-172
Let n(f) = -178*f + 1127. What is n(11)?
-831
Let f(n) = 28*n**2 - 170*n + 240. Calculate f(15).
3990
Let p(t) = -3505*t + 1048001. Calculate p(299).
6
Let l(i) = -5*i**3 - 24*i**2 - 142*i - 398. Determine l(-3).
-53
Let d(j) = 284*j + 4544. What is d(-16)?
0
Let u(t) = -1230*t - 9541. Determine u(-8).
299
Let a(z) = 3*z**3 - 512*z**2 + 843*z + 770. What is a(169)?
432
Let a(f) = 2*f**3 - 87*f**2 - 197*f + 2780. Determine a(45).
-10
Let s(h) = -772*h - 52478. What is s(-68)?
18
Let t(c) = 8*c**3 + 342*c**2 - 82*c + 111. Calculate t(-43).
-61
Let z(c) = 2*c**3 + 95*c**2 + 410*c + 797. Calculate z(-43).
-192
Let o(i) = 7521*i - 158817. What is o(21)?
-876
Let c(v) = 8*v**2 + 1031*v - 6567. Calculate c(-135).
48
Let n(d) = 3215*d**2 + 35431*d + 11. What is n(-11)?
-715
Let i(f) = -5*f**3 - 246*f**2 + 56*f + 2189. Give i(-49).
-2956
Let n(p) = 10049*p + 110522. Calculate n(-11).
-17
Let q(a) = -a**2 - 563*a + 5054. Give q(9).
-94
Let j(b) = -720*b + 37037. Determine j(53).
-1123
Let b(a) = a**3 - 178*a**2 + 899*a - 5176. Determine b(173).
706
Let v(l) = 20*l**2 + 542*l + 697. Calculate v(-26).
125
Let m(a) = -138125*a - 552432. Calculate m(-4).
68
Let o(w) = w**3 - 98*w**2 + 4854*w - 94387. What is o(36)?
5
Let v(j) = -1384*j**3 - j**2 - 53*j + 52. Calculate v(1).
-1386
Let t(s) = s**3 - 12*s**2 + 1576*s + 6559. Give t(-4).
-1
Let d(x) = -3*x**2 + 4734*x + 61924. Give d(-13).
-125
Let a(d) = -d**3 + d**2 + 4358*d + 8713. What is a(-2)?
9
Let m(j) = -45*j**3 + 77*j**2 - 319*j + 3. Determine m(4).
-2921
Let q(i) = 23*i**2 - 5188*i - 144073. Determine q(-25).
2
Let d(q) = -q**3 - 294*q**2 + 98108*q + 633. What is d(-493)?
140
Let h(s) = -367*s**3 + 6*s**2 - 368*s - 370. Determine h(-1).
371
Let s(m) = m**3 + 12*m**2 - 3350*m - 36965. What is s(-11)?
6
Let l(r) = -2*r**2 + 519*r - 3044. Give l(6).
-2
Let l(m) = m**3 + 60*m**2 + 554*m + 29206. Determine l(-59).
1
Let o(p) = 361121*p + 722280. Calculate o(-2).
38
Let o(l) = -l**3 + 71*l**2 - 1170*l - 2504. Give o(41).
-44
Let p(b) = 8*b**3 - 32*b**2 - 6*b - 134. What is p(5)?
36
Let q(b) = -3*b**3 - 9*b**2 + 1081*b - 7605. What is q(7)?
-1508
Let w(h) = 2*h**3 + h**2 + 2099*h + 10528. Determine w(-5).
-192
Let l(u) = 209917*u - 419859. Calculate l(2).
-25
Let s(g) = 1608*g + 8963. Determine s(-5).
923
Let o(y) = -y**2 + 624*y + 214034. Calculate o(-246).
14
Let l(d) = -14*d**2 - 227*d - 36. What is l(-20)?
-1096
Let z(h) = h**3 + 4*h**2 - 11421*h - 2530. Determine z(105).
-10
Let p(g) = -681036*g + 23836255. Determine p(35).
-5
Let s(r) = 961*r + 22276. Give s(-24).
-788
Let k(c) = 31657*c + 728016. Give k(-23).
-95
Let d(q) = 4*q**2 + 5504*q - 71507. What is d(13)?
721
Let o(u) = -u**3 + 83*u**2 - 1415*u - 645. Determine o(25).
230
Let w(o) = 18*o - 3021. Calculate w(94).
-1329
Let o(w) = 11958*w + 59796. Determine o(-5).
6
Let d(m) = -m**2 + 479*m - 40978. Determine d(113).
380
Let z(k) = 2225*k + 13290. Calculate z(-6).
-60
Let h(c) = 598*c**2 + 2399*c - 22. Calculate h(-4).
-50
Let o(y) = 2*y**3 + 114*y**2 - 11*y - 530. Determine o(-57).
97
Let l(v) = 2*v**3 + 215*v**2 + 3944*v - 1567. What is l(-24)?
-31
Let q(i) = 63*i**3 - 835*i**2 - 656*i - 31. Calculate q(14).
-3
Let x(k) = -285*k**3 + 3*k**2 + 111*k + 111. Give x(-1).
288
Let u(j) = -5117*j + 644746. Give u(126).
4
Let m(b) = 17*b**3 + 54*b**2 + 3594*b + 10779. What is m(-3)?
24
Let x(v) = -21*v**2 + 36*v + 130. What is x(-3)?
-167
Let n(f) = -2*f**2 + 658*f - 426. Calculate n(328).
230
Let s(d) = -48*d**2 + 5214*d + 7248. What is s(110)?
-12
Let g(x) = 377*x - 15942. Give g(42).
-108
Let a(h) = h**3 - 18*h**2 + 71*h - 763. Calculate a(10).
-853
Let z(s) = -53*s**2 + 578*s + 3535. What is z(-6)?
-1841
Let j(z) = -z**3 - 94*z**2 - 7*z + 67. What is j(-94)?
725
Let v(w) = 2*w**3 + 60*w**2 - 250*w + 759. Determine v(-34).
11
Let t(l) = -1308*l - 23544. Determine t(-18).
0
Let q(s) = 6*s**2 + 291*s + 295. Calculate q(-47).
-128
Let x(h) = 697*h - 8698. What is x(12)?
-334
Let j(b) = b**2 + 21*b - 30694. Determine j(-188).
702
Let x(c) = -254*c**2 - 2261*c + 239. Give x(-9).
14
Let a(c) = -c**3 + 11*c**2 - 315. Calculate a(9).
-153
Let y(r) = -2*r**3 - 153*r**2 + 702*r + 59122. Determine y(-76).
-6
Let m(s) = 287*s**2 + 2015*s - 65. Determine m(-7).
-107
Let u(s) = 11*s**2 + 35*s - 1677. Give u(22).
4417
Let h(b) = 3*b**3 - 75*b**2 - 248*b - 24. Calculate h(28).
88
Let z(d) = 27*d**2 + 355*d + 1036. Calculate z(-5).
-64
Let v(x) = -x**3 + 72*x**2 + 10332*x - 753605. Give v(74).
11
Let w(b) = b**3 + 58*b**2 + 477*b - 22. Calculate w(-10).
8
Let g(h) = -583*h + 14116. Give g(23).
707
Let z(s) = -2*s**2 - 340*s - 6336. Give z(-149).
-78
Let s(p) = 67*p - 3874. What is s(59)?
79
Let t(j) = -2*j**2 + 1847*j - 43191. Give t(24).
-15
Let t(r) = 1233*r - 583794. Calculate t(473).
-585
Let u(g) = 1375319*g - 5501266. What is u(4)?
10
Let m(y) = y**2 - 1827*y - 33170. Determine m(-18).
40
Let o(x) = -6*x**2 - 1131*x - 360. Determine o(-182).
6738
Let m(s) = s**3 + 18*s**2 + 150*s + 12. Calculate m(0).
12
Let u(i) = 4*i**2 - 519*i - 3050. What is u(-6)?
208
Let j(z) = z**3 - 12*z**2 - 11989*z + 167472. Determine j(14).
18
Let b(y) = -3*y**2 + 2195*y + 110624. Calculate b(779).
6
Let c(y) = -531*y + 65644. Determine c(124).
-200
Let m(x) = -9286*x - 167147. Calculate m(-18).
1
Let b(q) = 460513*q + 1842104. Calculate b(-4).
52
Let m(g) = 69830*g - 14384999. Give m(206).
-19
Let g(c) = 4*c**2 + 118*c + 27. Give g(-20).
-733
Let b(q) = 219*q - 5521. What is b(22)?
-703
Let i(m) = -3*m**2 - 441*m - 1330. Give i(-3).
-34
Let l(d) = 1045*d**3 + 7*d**2 - 51*d + 53. Give l(1).
1054
Let q(a) = 26